ts digit of v?
8
Let h(b) be the third derivative of -1/4*b**4 + 4/3*b**3 + 0*b - 3*b**2 + 1/60*b**5 + 0. What is the units digit of h(6)?
8
Let n(p) = -p - 3. Let z be n(-3). Suppose z = 2*q + 33 + 15. Let i = 42 + q. What is the tens digit of i?
1
Suppose 2*f - g - 187 = -4*g, 4*f + 3*g = 371. What is the tens digit of f?
9
Suppose -2*r - 4*z + 9*z + 25 = 0, -5*r - 5*z - 25 = 0. Suppose -3*q - 2*x + 30 = r, -3*q + x - 5*x + 24 = 0. What is the units digit of q?
2
Suppose 14 + 51 = 5*j. What is the tens digit of j?
1
Suppose -n - 3*g + 17 = 0, -3*g + 2 = -3*n + 5. Suppose -3*y + 1 = -n*y - 5*h, -2*h = -2*y + 34. What is the tens digit of y?
1
Let g(h) = -h - 4*h**2 + 2*h**3 - 2*h**3 + 0*h**3 + 4 - 2*h**3. What is the tens digit of g(-3)?
2
Let k(v) = v + 9. Let n be k(-9). Suppose 5*h = 4*a - 40, -a + n*a - 3*h + 27 = 0. What is the tens digit of a?
1
Suppose 76*k + 240 = 81*k. What is the tens digit of k?
4
Suppose -38 = 16*t - 17*t. Let s be 33*(-3)/((-9)/(-2)). Let o = s + t. What is the tens digit of o?
1
What is the units digit of ((-364)/(-35))/(2/5)?
6
Let p = -9 - -12. What is the units digit of p?
3
Let m(c) = -c - 3. Suppose -2*f - f = 24. Let q be m(f). Suppose a = q*a - 16. What is the units digit of a?
4
Let i = 68 - 45. What is the tens digit of i?
2
Let t(p) = p**3 - p**2 + 2*p - 3. Let y be t(2). Let h(u) = 7 - 1 - 4*u + 3*u. What is the units digit of h(y)?
1
Let t be (2 + -1)/1 + 3. Suppose m - t*z = 6, 0*m - 4*z = 4*m - 24. What is the units digit of m?
6
Suppose -30 = -p + 111. What is the tens digit of p?
4
Suppose -2*v + 5*j = -5*v + 514, -500 = -3*v + 2*j. What is the tens digit of v?
6
Let q be (-3*1)/(3/(-4)). Suppose -138 = l - q*l. What is the units digit of l?
6
Let k(d) be the second derivative of d**5/20 - 7*d**4/12 - 7*d**3/6 - d**2/2 + 3*d. What is the units digit of k(8)?
7
Let g be 12/15*60/8. Let j be (-1 - 6/(-2)) + 6. Let b = j - g. What is the units digit of b?
2
Let n = -10 + 3. Let o(j) = j + 10. Let d be o(n). Suppose -1 = -d*x + 2. What is the units digit of x?
1
Let f(k) = k**3 - 3*k**2 - 4*k + 2. Let l be f(4). Suppose -6 = -l*v - 2. Let g(a) = a**2 - 3*a + 3. What is the units digit of g(v)?
1
Suppose 2*c - 6*c = -68. What is the units digit of c?
7
Suppose 8*o - 9*o + 42 = 0. What is the units digit of o?
2
Suppose 12 = -c - 3*g, 5 + 4 = -c - 2*g. Let q = 89 - 73. What is the units digit of 1/(c/9) + q?
3
Let n(v) = v. Let o be n(-3). Let i be 11/3 - 1/o. Suppose -i = -2*f - 0. What is the units digit of f?
2
What is the units digit of (2/7 + 64/21)*6?
0
Suppose -2*w + 68 = k + 3*k, 10 = 5*k. What is the units digit of w?
0
Let b be (-1)/((6/3)/(-4)). Let a = b - 0. Suppose -2*k - 4*h + 64 = 2*k, -a*h - 6 = 0. What is the tens digit of k?
1
Let n(r) = -6*r. Let c(a) = -5*a. Let t(b) = -7*c(b) + 6*n(b). What is the units digit of t(-4)?
4
Let r be 51 + 0 + -4 + 3. Let t = r - 19. What is the tens digit of t?
3
Let l(p) = -p - 2. Let s be l(-3). Suppose 0 = 4*t - 3 - s. Suppose 4 = 3*w + t. What is the units digit of w?
1
What is the units digit of (12/8)/(1/38)?
7
Suppose 0 = -2*k - 0*k + 2. Suppose -x + 2*r + k = 0, 2*r = 2*x - 14 + 6. Suppose -8 = 3*p - x*p. What is the units digit of p?
2
Suppose -x = -2*x + 374. Suppose -4*j = 178 + x. What is the units digit of 2/5 + j/(-30)?
5
Let c(t) = 4*t - 14. Let w be c(6). Let k = w + -1. What is the units digit of k?
9
Suppose -35*l = -40*l + 270. What is the units digit of l?
4
What is the units digit of ((-624)/(-56))/(2/14)?
8
Suppose y = 5*l - 18 - 3, 3*y - 5*l = -13. Suppose -5*t + y*t + 4 = 0. What is the units digit of t?
4
Suppose 2*w = 11 - 1. Suppose w*z + 2*y - 26 = 0, -3*z + 3*y + 21 = 6*y. Suppose z*j - 16 = -4. What is the units digit of j?
3
Let r = -37 + 69. What is the tens digit of r?
3
What is the tens digit of (-5)/(-2)*(-364)/(-35)?
2
Let v = -46 - -21. Let l = v - -15. What is the units digit of 12/10*l/(-3)?
4
Suppose -118 = -3*v + 2*c + 349, 313 = 2*v - c. What is the hundreds digit of v?
1
Let z = -10 + 4. What is the units digit of (z/15)/((-1)/10)?
4
Let o = -256 - -425. What is the hundreds digit of o?
1
Suppose -6*j + 150 = -2*j - 5*q, -j + 3*q + 41 = 0. Suppose 3*i + 3*d = 7 + j, -4*i = -3*d - 42. What is the tens digit of i?
1
Let q(f) = -2*f - 5. Let j(c) = -6*c - 16. Let v(h) = 5*j(h) - 16*q(h). Let r be v(2). What is the units digit of -2 + r + 4 - 2?
4
Suppose 4*g + 0*g = 476. What is the tens digit of g?
1
Let n(j) = 4*j**3 - j**2 + 4*j + 2. Let t be n(6). Suppose 2*x - 56 = 5*c + 294, -5*x + 2*c + t = 0. What is the units digit of (-6)/4*x/(-15)?
7
Let f(o) = -o + 6. Let g be f(-10). Let x = 27 - g. What is the units digit of x?
1
Suppose 5*n - 8*n = -15. What is the units digit of n?
5
Suppose -6*a + 450 = -2*a + 3*p, 2*p + 329 = 3*a. What is the tens digit of a?
1
What is the units digit of (-495)/(-44) + 1/(-4)?
1
What is the units digit of 357/9 - (-1)/3?
0
Let p = 5 - 4. What is the units digit of p?
1
What is the units digit of (-162)/(-12) + 5/(-2)?
1
Suppose 3*o = -h + 137, -h - 16*o = -14*o - 139. What is the tens digit of h?
4
Let c = -11 + 31. What is the units digit of c?
0
Let b(u) = -u**2 + 6*u + 3. Let n be b(6). Let i = n - 0. Suppose -i*a + 4*a - 4 = 0. What is the units digit of a?
4
Let j = -6 + 0. What is the units digit of (-4)/j*(-21)/(-14)?
1
Let d = -9 + 13. Suppose 2*x - 3*s - 17 = -d, 4*s = 4*x - 20. What is the units digit of x?
2
Let p be (-4)/(-10) - (-7)/(-5). Let y be (1*-2)/(2/p). What is the units digit of 2 + y - (-1 - -3)?
1
Let m be ((-2)/(-3) - 1)*(-66 + 0). Let z be 1/(9/8 - 1). What is the tens digit of (z - m)*6/(-4)?
2
Suppose -3*j + 0*j = 21. Let i(m) = m**3 + 7*m**2 - 4*m - 9. What is the tens digit of i(j)?
1
Let w be -2 + 21/(-3)*-4. Suppose 4*u = 2*o - w, -2*o - 3*u = -7*o + 100. What is the units digit of o?
3
Let o be (2 + -1 - 1)*-1. Suppose z - 5 = -o*z. What is the units digit of z?
5
Let p(o) be the second derivative of -o**5/60 - o**4/24 - o**3/2 - 2*o. Let f(w) be the second derivative of p(w). What is the units digit of f(-4)?
7
Suppose 5*n = -7 - 48. Let i = n - -22. What is the units digit of i?
1
Let r = 46 + -31. What is the tens digit of r?
1
Let d(t) = 2*t**2 - 5*t**2 + 4*t**2. Let c = -4 + 2. What is the units digit of d(c)?
4
Let l = -229 - -379. Suppose 6*s - 84 = l. What is the tens digit of s?
3
Suppose -r = -5*f + 29, 3*r - 4*f - f = -37. Let m = 5 + r. What is the units digit of m?
1
Suppose -6 = -4*j - 2. Let q be 3/6*j*70. Suppose -4*p + q = p. What is the units digit of p?
7
Let d be 2 - (1/(-1))/(-1). Suppose 3*f = b - d, -4*b = 2*f + b - 22. Suppose g - 12 = -2*j, -j = 5*g + f + 2. What is the units digit of j?
7
Suppose 0 = 3*q - 6*q + y + 55, 5*y - 85 = -3*q. Suppose -6*w + q = -w. What is the units digit of w?
4
Suppose -a = -2*a + 1. Let d = 1 + a. Suppose -4 - d = -2*w. What is the units digit of w?
3
Suppose -3*r = 6, r = -4*t + 1 + 5. Let n(l) = 4 - 5 - l**t - l**2 - l**3 + l + 0. What is the units digit of n(-3)?
5
Suppose 0*v + 2*y = -v + 94, -v + 89 = y. Suppose 4*l - v = 16. What is the units digit of l?
5
Let t(c) = c - 9. Let s be t(9). Suppose -2*d = 4*q - 12, s = 5*q + 5*d - 10. What is the units digit of q?
4
Suppose -s = -5*b - 27, 4*s - 2*b - 2*b - 28 = 0. Let x(w) = w + w - 2*w**2 + w**3 - 7 - 4*w**s. What is the units digit of x(6)?
5
Let a(q) = q**2 - 2*q - 9. Suppose -5*n + 2*i = -37, 28 = 4*n + 2*i + 2. What is the units digit of a(n)?
6
Let c = 55 + 82. What is the tens digit of c?
3
Let t be -7*(-1 - 4/(-2)). Let i = t - -5. What is the tens digit of i/(-8) + 188/16?
1
Suppose 0 = -4*b + 5*s + 458, -4*b - 5*s + 70 + 368 = 0. What is the tens digit of b?
1
What is the units digit of (-8)/(-20)*(152 - 2)?
0
Let g = -4 + 7. Suppose 0 = -0*l + g*l - 12. What is the units digit of l?
4
Let p(q) = 0*q**2 + 2*q**3 - 4 + 0*q**3 + 5*q - q**3 + 7*q**2. Let i be p(-5). Let u = -12 + i. What is the units digit of u?
9
Let r(y) = -y**3 - 4*y**2 - 2*y + 2. Let h be r(-2). What is the units digit of 0 + (h - 1 - -35)?
2
Suppose -3*k - 2*g - 8 = 0, 3*k + 5*g - g + 10 = 0. Let v = k - -15. What is the tens digit of v?
1
Suppose 272 = 3*l + l. What is the tens digit of l?
6
Let d = 55 - -6. What is the units digit of d?
1
Let g = 15